s the tens digit of 2399?
9
What is the units digit of 9111?
1
What is the tens digit of 3143?
4
What is the thousands digit of 1476?
1
What is the tens digit of 9572?
7
What is the units digit of 1064?
4
What is the tens digit of 1914?
1
What is the thousands digit of 1081?
1
What is the hundreds digit of 52526?
5
What is the thousands digit of 50107?
0
What is the hundreds digit of 1458?
4
What is the tens digit of 11903?
0
What is the thousands digit of 5747?
5
What is the hundreds digit of 784?
7
What is the thousands digit of 30323?
0
What is the thousands digit of 2129?
2
What is the units digit of 2307?
7
What is the hundreds digit of 122?
1
What is the hundreds digit of 5553?
5
What is the tens digit of 8747?
4
What is the ten thousands digit of 25867?
2
What is the thousands digit of 28922?
8
What is the units digit of 2357?
7
What is the tens digit of 7272?
7
What is the units digit of 1876?
6
What is the thousands digit of 7748?
7
What is the units digit of 1253?
3
What is the thousands digit of 17184?
7
What is the units digit of 49?
9
What is the units digit of 9462?
2
What is the thousands digit of 11895?
1
What is the thousands digit of 1920?
1
What is the hundreds digit of 31448?
4
What is the hundreds digit of 17390?
3
What is the hundreds digit of 462?
4
What is the units digit of 2348?
8
What is the tens digit of 10318?
1
What is the tens digit of 764?
6
What is the tens digit of 2195?
9
What is the thousands digit of 9711?
9
What is the hundreds digit of 546?
5
What is the tens digit of 1942?
4
What is the tens digit of 1051?
5
What is the thousands digit of 13503?
3
What is the units digit of 12783?
3
What is the tens digit of 1285?
8
What is the hundreds digit of 186241?
2
What is the tens digit of 31?
3
What is the thousands digit of 6358?
6
What is the units digit of 55453?
3
What is the hundreds digit of 3662?
6
What is the tens digit of 907?
0
What is the tens digit of 3302?
0
What is the tens digit of 325?
2
What is the tens digit of 355?
5
What is the thousands digit of 3498?
3
What is the hundreds digit of 122?
1
What is the hundreds digit of 164?
1
What is the hundreds digit of 267?
2
What is the thousands digit of 27851?
7
What is the units digit of 3442?
2
What is the units digit of 425?
5
What is the hundreds digit of 133286?
2
What is the tens digit of 630?
3
What is the tens digit of 3322?
2
What is the thousands digit of 3448?
3
What is the tens digit of 5347?
4
What is the hundreds digit of 1070?
0
What is the units digit of 45114?
4
What is the tens digit of 26?
2
What is the hundreds digit of 590?
5
What is the units digit of 119?
9
What is the thousands digit of 1919?
1
What is the hundreds digit of 1308?
3
What is the hundreds digit of 2762?
7
What is the thousands digit of 3054?
3
What is the thousands digit of 38926?
8
What is the hundreds digit of 101110?
1
What is the units digit of 49657?
7
What is the units digit of 293?
3
What is the ten thousands digit of 93283?
9
What is the tens digit of 5354?
5
What is the hundreds digit of 781?
7
What is the hundreds digit of 32199?
1
What is the thousands digit of 8644?
8
What is the thousands digit of 35396?
5
What is the tens digit of 1283?
8
What is the hundreds digit of 5598?
5
What is the hundreds digit of 2561?
5
What is the hundreds digit of 49031?
0
What is the hundreds digit of 5054?
0
What is the tens digit of 2425?
2
What is the hundreds digit of 909?
9
What is the ten thousands digit of 51502?
5
What is the tens digit of 108?
0
What is the thousands digit of 6016?
6
What is the units digit of 49807?
7
What is the units digit of 130?
0
What is the hundreds digit of 63280?
2
What is the hundreds digit of 1072?
0
What is the tens digit of 378?
7
What is the units digit of 30808?
8
What is the hundreds digit of 344?
3
What is the units digit of 16136?
6
What is the thousands digit of 55092?
5
What is the ten thousands digit of 57781?
5
What is the hundreds digit of 36809?
8
What is the units digit of 1427?
7
What is the hundreds digit of 100?
1
What is the units digit of 4879?
9
What is the thousands digit of 109352?
9
What is the units digit of 898?
8
What is the tens digit of 10145?
4
What is the tens digit of 7660?
6
What is the units digit of 3001?
1
What is the tens digit of 2847?
4
What is the units digit of 3201?
1
What is the hundreds digit of 10584?
5
What is the hundreds digit of 10468?
4
What is the units digit of 48943?
3
What is the tens digit of 999?
9
What is the hundreds digit of 4445?
4
What is the thousands digit of 31633?
1
What is the hundreds digit of 622?
6
What is the thousands digit of 4728?
4
What is the tens digit of 15384?
8
What is the thousands digit of 1202?
1
What is the hundreds digit of 49650?
6
What is the tens digit of 2569?
6
What is the tens digit of 59488?
8
What is the tens digit of 80481?
8
What is the tens digit of 27707?
0
What is the tens digit of 18507?
0
What is the thousands digit of 43686?
3
What is the units digit of 499?
9
What is the hundreds digit of 496?
4
What is the hundreds digit of 465?
4
What is the hundreds digit of 10651?
6
What is the hundreds digit of 166?
1
What is the units digit of 1195?
5
What is the hundreds digit of 1252?
2
What is the tens digit of 426?
2
What is the units digit of 1201?
1
What is the units digit of 2347?
7
What is the tens digit of 14454?
5
What is the tens digit of 6987?
8
What is the units digit of 2019?
9
What is the units digit of 114745?
5
What is the units digit of 3323?
3
What is the units digit of 30915?
5
What is the ten thousands digit of 23365?
2
What is the hundreds digit of 57378?
3
What is the thousands digit of 1349?
1
What is the units digit of 44808?
8
What is the tens digit of 5395?
9
What is the hundreds digit of 5376?
3
What is the tens digit of 978?
7
What is the units digit of 165?
5
What is the units digit of 5653?
3
What is the units digit of 3770?
0
What is the tens digit of 496?
9
What is the tens digit of 1252?
5
What is the tens digit of 54913?
1
What is the hundreds digit of 8819?
8
What is the units digit of 4835?
5
What is the ten thousands digit of 20695?
2
What is the hundreds digit of 18531?
5
What is the units digit of 34306?
6
What is the thousands digit of 2873?
2
What is the tens digit of 1238?
3
What is the thousands digit of 3840?
3
What is the units digit of 23730?
0
What is the units digit of 8750?
0
What is the tens digit of 1055?
5
What is the hundreds digit of 12444?
4
What is the thousands digit of 3670?
3
What is the tens digit of 54?
5
What is the units digit of 88057?
7
What is the tens digit of 920?
2
What is the thousands digit of 1351?
1
What is the tens digit of 5293?
9
What is the ten thousands digit of 79913?
7
What is the ten thousands digit of 51188?
5
What is the hundreds digit of 102608?
6
What is the hundreds digit of 3038?
0
What is the thousands digit of 3514?
3
What is the tens digit of 71149?
4
What is the units digit of 170?
0
What is the units digit of 20505?
5
What is the ten thousands digit of 57130?
5
What is the hundreds digit of 21868?
8
What is the tens digit of 939?
3
What is the thousands digit of 1393?
1
What is the tens digit of 534?
3
What is the units digit of 783?
3
What is the thousands digit of 2323?
2
What is the thousands digit of 14512?
4
What is the thousands digit of 1159?
1
What is the units digit of 6063?
3
What is the hundreds digit of 1427?
4
What is the hundreds digit of 20055?
0
What is the units digit of 18?
8
What is the tens digit of 8868?
6
What is the units digit of 10416?
6
What is the tens digit of 660?
6
What is the hundreds digit of 101244?
2
What is the units digit of 17686?
6
What is the hundreds digit of 11705?
7
What is the ten thousands digit of 12394?
1
What is the hundreds digit of 2288?
2
What is the ten thousands digit of 45317?
4
What is the tens digit of 997?
9
What is the units digit of 4157?
7
What is the units digit of 897?
7
What is the units digit of 197?
7
What is the tens digit of 911?
1
What is the hundreds digit of 11837?
8
What is the tens digit of 1279?
7
What is the tens digit of 6499?
9
What is the units digit of 1683?
3
What is the units digit of 316?
6
What is the hundreds digit of 8034?
0
What is the hundreds digit of 4221?
2
What is 